q = -5 - -3. What is the remainder when (-1)/q*(0 - -2) is divided by 1?
0
Let y = 22 - 5. Suppose y - 1 = 4*q. Suppose -x + 11 + 13 = -q*h, 5*h + 90 = 5*x. Calculate the remainder when 31 is divided by x.
15
Suppose v = -5*j - 101, -5*v + 55 = -4*j + j. Let c be 9/(-6)*j/6. Suppose -n = -c*n + 64. Calculate the remainder when 46 is divided by n.
14
Let o be ((-1)/1)/(2/18). Let t be o/4 - (-6)/24. Calculate the remainder when (-13)/t*(-3 - -7) is divided by 9.
8
Let d(s) = 4*s + 1. Suppose -f - 9 + 13 = 0. Calculate the remainder when d(1) is divided by f.
1
Let b be (-1 - 3/15)*5. Let u(t) = -7 - t**3 - 5*t**2 + 4*t - t**3 + t**3. What is the remainder when 8 is divided by u(b)?
3
Let p(u) = -u**2 + 3*u + 3. Let l be p(3). Suppose 150 = -5*t - 5*s, 2*s + 0*s - 80 = l*t. Calculate the remainder when 20 is divided by (-27)/18*t/6.
6
Suppose -2*p = 2*l, -4*p - 2*l + 3 + 1 = 0. Let z(f) = -f - 5. Let o be z(0). Let t(n) = -n - 3. Calculate the remainder when t(o) is divided by p.
0
Let g(f) = 7*f + 10. What is the remainder when g(2) is divided by 16?
8
Let b(j) = -j**3 - 4*j**2 + 4*j - 5. Let x be b(-5). Suppose x = 2*w - 10, 5*t - w - 60 = -145. Let n = t + 30. Calculate the remainder when n is divided by 5.
4
Let g = -48 - -61. What is the remainder when 24 is divided by g?
11
Let l = 21 + -38. Let h = -4 - l. Suppose -i - 3 = -5, 5*f - 121 = 2*i. Calculate the remainder when f is divided by h.
12
Let y(m) = 213*m**2 - 1. Let j be y(-1). Suppose 2*u = -2*u + j. What is the remainder when u is divided by 14?
11
Let d = -2 - -5. Suppose 0*h - 6 = 4*a - 2*h, -d*a - 18 = 3*h. Calculate the remainder when 29 is divided by ((-6)/(-8))/(a/(-60)).
14
Let b = 0 - -2. What is the remainder when 2 is divided by b?
0
Let p(t) = t**3 + 5*t**2 + 4*t + 3. Let b be p(-4). Suppose 99 = -3*i - 2*i + 3*n, 0 = i - n + 21. What is the remainder when 5 is divided by i/(-4) - b/2?
2
Suppose 4*n + h - 80 = -h, 4*n + 3*h = 84. Calculate the remainder when 46 is divided by n.
10
Let b(n) = -2*n**3 - 4*n**2 - 3*n - 1. Let v = 10 + -12. What is the remainder when 14 is divided by b(v)?
4
Suppose -z + 14 + 8 = -4*f, -4*z + 5*f + 44 = 0. What is the remainder when 22 is divided by z?
4
Let k(q) = q**2 - q - 2. Let r be k(-2). Suppose -h + 8 + 23 = -5*w, -22 = -h - r*w. What is the remainder when h is divided by 9?
8
Let g = -2 + 5. What is the remainder when 6 is divided by (g - -1) + 5 + -5?
2
Let z(j) = -j**2 + 10*j - 3. Let g be 29/4 - 14/56. Let d(t) = 8*t - 5. Calculate the remainder when d(5) is divided by z(g).
17
Let b be 2429/21 + 1/3. Suppose 5*l - b = l. Let j = 6 - -4. What is the remainder when l is divided by j?
9
Let t(r) = r**3 + 4*r**2 - 2*r - 2. Let i(x) = x**2 + x + 2. Let h be i(0). Suppose h*d - 208 = -2*d. Calculate the remainder when d is divided by t(2).
16
Suppose 0 = -2*r - 2*z - 10, -5*r = -z + 3*z + 34. Let c = -2 - r. What is the remainder when 17 is divided by c?
5
Let g(u) = -15*u**3 - u**2 - 2*u - 2. Calculate the remainder when 55 is divided by g(-1).
13
Let h(w) = -6*w**2 - 2*w**3 - 2*w**3 + 3*w**3 + 8*w - 9 + 2*w**3. Calculate the remainder when h(6) is divided by 14.
11
Let v(f) = f**3 - 5*f**2 - 2*f - 10. Calculate the remainder when v(6) is divided by 9.
5
What is the remainder when 94 is divided by 4/22 - 7700/(-242)?
30
Let b(s) = -16*s + 31. Calculate the remainder when b(-4) is divided by 49.
46
Let b(y) = -3*y**3 - y**2 - 3*y - 3. Suppose 3*v = 2*d, 2*d + 9 = -3*v - 3. Calculate the remainder when 45 is divided by b(v).
22
Suppose 0 = -3*t - 2*t - 2*c + 66, -5*t + 75 = 5*c. What is the remainder when 21 is divided by t?
9
Suppose 3*l = 5*l. Let c(i) = -6 + 0*i - 3*i + l - 4*i**2 - i**3. What is the remainder when 21 is divided by c(-4)?
3
Calculate the remainder when (8 - -1) + (-5 - -1) is divided by 2.
1
Let l(y) = y**3 + y + 1. Calculate the remainder when 41 is divided by l(2).
8
Let a(u) = -u**3 + 4*u**2 - 3*u - 3. Let l be a(4). Let s = l - -22. Calculate the remainder when 20 is divided by s.
6
Let k(z) = 2*z**2 + 9*z - 8. Let h be k(-8). Suppose -3*p + h = 2*q, 70 = 3*q - 3*p + 7*p. Calculate the remainder when 34 is divided by q.
16
Let d = -19 - -34. Let m be (0 - (-20)/(-5))/2. Calculate the remainder when (-252)/(-9) - 2/m is divided by d.
14
Let l(k) = -k**3 - 2*k**2 + 5*k + 2. Let t be l(-3). Let u = 15 + t. What is the remainder when 43 is divided by u?
10
Let p = -1 + 1. Suppose -4*j + p*j = -28. What is the remainder when j is divided by (-1)/(-3) + (-8)/(-3)?
1
Let w be ((-52)/(-5))/(4/10). Calculate the remainder when 3 is divided by (-6)/(-15) - w/(-10).
0
Let k(o) = 21*o + 3. Let s be k(-1). Let b be 2/8 - (-381)/12. Let j = s + b. Calculate the remainder when 54 is divided by j.
12
Let k = 7 - 3. Calculate the remainder when 11 is divided by k.
3
Let y(u) = u + 7. Let w be y(-7). Let t = -6 - -4. What is the remainder when (19 + w)/((-2)/t) is divided by 10?
9
Suppose -m = -24 + 5. What is the remainder when 37 is divided by m?
18
Calculate the remainder when 160 is divided by 1/((-36)/(-60) + 118/(-205)).
37
Let x(g) = g**3 + 4*g**2 + 2*g - 1. Let l be x(-2). What is the remainder when (18/12)/(l/56) is divided by 10?
8
Suppose 5*s - y = 288, 2*s - y = 3*y + 126. Let u(k) = k**2 - 6*k - 12. What is the remainder when s is divided by u(9)?
12
Let x(s) = -s**3 + 7*s**2 - 5*s - 4. Let z(d) = -2*d - 6. Let b be z(-6). What is the remainder when 3 is divided by x(b)?
1
Let g(a) = 3*a**2 - a - 14. Calculate the remainder when 29 is divided by g(-3).
13
Suppose 8*z - 5*z = -2*a + 18, -a + z + 9 = 0. Calculate the remainder when (-3)/9 + 52/3 is divided by a.
8
Let q = 20 - 1. Suppose 4*z + 0*w - 2*w = -28, -2*z + 4*w - 2 = 0. Let g = z + q. What is the remainder when 28 is divided by g?
8
Let p = 46 + 12. Let h(s) = 4*s - 4. What is the remainder when p is divided by h(6)?
18
Let b = -69 - -152. What is the remainder when b is divided by 21?
20
Let t = -42 + 144. Suppose 0*a = 3*a - t. Suppose 0 = -5*s + 20, -4*k = -s - 0*s - 44. What is the remainder when a is divided by k?
10
Let p(l) = 5*l - 2. Let k be p(3). Suppose 4*f - k = 3. Calculate the remainder when 14 is divided by f.
2
Let j(q) = q**2 - 6*q + 21. What is the remainder when j(7) is divided by 8?
4
Suppose -5*q + q + 48 = 0. Calculate the remainder when q is divided by 7.
5
Let b(r) = -r**3 + 9*r**2 + 10*r + 1. Let s(v) = 4*v - 16. What is the remainder when s(5) is divided by b(10)?
0
Suppose 3*q + 65 = 4*y - 8*y, 49 = -2*q + 3*y. Let j(h) = -h**3 + 7*h**2 - h - 5. Let g be j(7). Let s = g - q. Calculate the remainder when 19 is divided by s.
8
Let y(o) = -15*o**3 + o**2. What is the remainder when ((-4)/(-10))/(1/155) is divided by y(-1)?
14
Let n(u) = -30*u - 7. Calculate the remainder when n(-2) is divided by 14.
11
Let a(r) = 6*r**3 - 2 + r**2 + 0*r**3 + 2. What is the remainder when 25 is divided by a(1)?
4
Suppose 0 = 4*k - 67 - 13. Calculate the remainder when k is divided by 17.
3
Let y be (-1)/((6/2)/9). Let m be (-4 - y)/(1/(-81)). Suppose 2*o = -3*b + m, -4*b - 4*o - 81 = -7*b. What is the remainder when b is divided by 10?
7
Let p(v) = -v**3 + 3*v**2 + 4*v. What is the remainder when 57 is divided by p(3)?
9
Suppose 2*w + 2*f - 97 = f, 4*f + 129 = 3*w. Suppose -g - 2*c = -2*g + 26, -2*g + 3*c + w = 0. What is the remainder when 46 is divided by g?
14
Let a(d) be the first derivative of 1 + 14/3*d**3 - d - 1/2*d**2. What is the remainder when 26 is divided by a(-1)?
12
Let n = -20 - -10. Let t = n - -15. Calculate the remainder when 9 is divided by t.
4
What is the remainder when 71 is divided by 25 + (-2 + -1 - -3)?
21
Suppose 4*h = w - 5, 4*w = w + 5*h + 43. Calculate the remainder when w is divided by 8.
5
Let n(f) = 2*f**2 + 2*f - 3. Let a be n(-3). Suppose 5*o = -3*q - 534, 2*o = 2*q - 85 - 119. Calculate the remainder when (-4)/6 - o/a is divided by 4.
3
Let a be -9*(-5)/((-15)/(-6)). Suppose 2*f - 13 = 3*z, -3*f + 5*z + 0*z = -a. Calculate the remainder when f is divided by 4.
3
Suppose 3*z - j = 27, -5*z - j = -5*j - 45. Suppose -4*p + z = -p, 2*k = 3*p + 71. Calculate the remainder when k is divided by 14.
12
Let p(k) = -2*k**3 + 9*k**2 + 3*k - 11. Calculate the remainder when 84 is divided by p(4).
16
Suppose 10*v = 1597 + 42